{"id":855,"date":"2020-03-28T21:28:23","date_gmt":"2020-03-28T18:28:23","guid":{"rendered":"https:\/\/shop.nanasten.com\/?post_type=product&#038;p=855"},"modified":"2024-07-10T03:10:13","modified_gmt":"2024-07-10T00:10:13","slug":"855","status":"publish","type":"product","link":"https:\/\/shop.nanasten.com\/?product=855","title":{"rendered":"Muinaistaitaja-ohjevihko"},"content":{"rendered":"","protected":false},"excerpt":{"rendered":"<p>Onko sinulla jo pirta, mutta olet unohtanut, miten pirtanauhaa tehd\u00e4\u00e4n? N\u00e4ytt\u00e4\u00e4k\u00f6 ny\u00f6rihaarukka tutulta? Askartelisitko ny\u00f6rikiekon mieluummin itse?<\/p>\n<p>MUINAISTAITAJA-ohjevihkoset ovat taskukokoisia perusoppaita vanhojen k\u00e4sity\u00f6tekniikoiden alkeiden opettelemiseen. Kukin opas esittelee yhden tekniikan ja v\u00e4lineen yksinkertaisten ohjeiden ja selkeiden vaihekuvien avulla.<\/p>\n","protected":false},"featured_media":859,"comment_status":"open","ping_status":"closed","template":"","meta":[],"product_brand":[],"product_cat":[20],"product_tag":[],"class_list":{"0":"post-855","1":"product","2":"type-product","3":"status-publish","4":"has-post-thumbnail","6":"product_cat-kasityovalineet","8":"first","9":"instock","10":"shipping-taxable","11":"purchasable","12":"product-type-variable"},"_links":{"self":[{"href":"https:\/\/shop.nanasten.com\/index.php?rest_route=\/wp\/v2\/product\/855","targetHints":{"allow":["GET"]}}],"collection":[{"href":"https:\/\/shop.nanasten.com\/index.php?rest_route=\/wp\/v2\/product"}],"about":[{"href":"https:\/\/shop.nanasten.com\/index.php?rest_route=\/wp\/v2\/types\/product"}],"replies":[{"embeddable":true,"href":"https:\/\/shop.nanasten.com\/index.php?rest_route=%2Fwp%2Fv2%2Fcomments&post=855"}],"wp:featuredmedia":[{"embeddable":true,"href":"https:\/\/shop.nanasten.com\/index.php?rest_route=\/wp\/v2\/media\/859"}],"wp:attachment":[{"href":"https:\/\/shop.nanasten.com\/index.php?rest_route=%2Fwp%2Fv2%2Fmedia&parent=855"}],"wp:term":[{"taxonomy":"product_brand","embeddable":true,"href":"https:\/\/shop.nanasten.com\/index.php?rest_route=%2Fwp%2Fv2%2Fproduct_brand&post=855"},{"taxonomy":"product_cat","embeddable":true,"href":"https:\/\/shop.nanasten.com\/index.php?rest_route=%2Fwp%2Fv2%2Fproduct_cat&post=855"},{"taxonomy":"product_tag","embeddable":true,"href":"https:\/\/shop.nanasten.com\/index.php?rest_route=%2Fwp%2Fv2%2Fproduct_tag&post=855"}],"curies":[{"name":"wp","href":"https:\/\/api.w.org\/{rel}","templated":true}]}}