{"id":435,"date":"2020-03-24T12:37:10","date_gmt":"2020-03-24T09:37:10","guid":{"rendered":"https:\/\/shop.nanasten.com\/?post_type=product&#038;p=435"},"modified":"2026-03-19T12:54:03","modified_gmt":"2026-03-19T09:54:03","slug":"nyorihaarukka","status":"publish","type":"product","link":"https:\/\/shop.nanasten.com\/?product=nyorihaarukka","title":{"rendered":"Ny\u00f6rihaarukka"},"content":{"rendered":"","protected":false},"excerpt":{"rendered":"<p>K\u00e4sity\u00f6n\u00e4 valmistettu puinen ny\u00f6rihaarukka ja opasvihko, mukana my\u00f6s aloitus. Koko 14 x 5 cm.<\/p>\n<p>Haarukkany\u00f6ri on nelikulmaista ja hieman joustavaa ny\u00f6ri\u00e4, joka soveltuu monenlaiseen tarkoitukseen. Se sopii neulet\u00f6iden koristeluun tai ny\u00f6rityksiin, villaintarsiaan, historiallisten vaatteiden kiinnitysny\u00f6reiksi tai v\u00f6iksi, pussien sulkuny\u00f6reiksi jne. Haarukkany\u00f6rin valmistaminen on nopeaa, koska lankoja ei tarvitse erikseen mitata ja katkaista, vaan lanka juoksee suoraan ker\u00e4lt\u00e4. Kokeile erilaisia materiaaleja: puuvillalankaa, paperinarua, ohuen ohutta silkkilankaa&#8230;<\/p>\n<p>Muinaistaitaja-sarjaan kuuluvat my\u00f6s ohjeet kiekkony\u00f6rin ja pirtanauhan valmistamiseen (ostettavissa erikseen).<\/p>\n","protected":false},"featured_media":1739,"comment_status":"open","ping_status":"closed","template":"","meta":[],"product_brand":[],"product_cat":[20],"product_tag":[],"class_list":{"0":"post-435","1":"product","2":"type-product","3":"status-publish","4":"has-post-thumbnail","6":"product_cat-kasityovalineet","8":"first","9":"onbackorder","10":"shipping-taxable","11":"purchasable","12":"product-type-simple"},"_links":{"self":[{"href":"https:\/\/shop.nanasten.com\/index.php?rest_route=\/wp\/v2\/product\/435","targetHints":{"allow":["GET"]}}],"collection":[{"href":"https:\/\/shop.nanasten.com\/index.php?rest_route=\/wp\/v2\/product"}],"about":[{"href":"https:\/\/shop.nanasten.com\/index.php?rest_route=\/wp\/v2\/types\/product"}],"replies":[{"embeddable":true,"href":"https:\/\/shop.nanasten.com\/index.php?rest_route=%2Fwp%2Fv2%2Fcomments&post=435"}],"wp:featuredmedia":[{"embeddable":true,"href":"https:\/\/shop.nanasten.com\/index.php?rest_route=\/wp\/v2\/media\/1739"}],"wp:attachment":[{"href":"https:\/\/shop.nanasten.com\/index.php?rest_route=%2Fwp%2Fv2%2Fmedia&parent=435"}],"wp:term":[{"taxonomy":"product_brand","embeddable":true,"href":"https:\/\/shop.nanasten.com\/index.php?rest_route=%2Fwp%2Fv2%2Fproduct_brand&post=435"},{"taxonomy":"product_cat","embeddable":true,"href":"https:\/\/shop.nanasten.com\/index.php?rest_route=%2Fwp%2Fv2%2Fproduct_cat&post=435"},{"taxonomy":"product_tag","embeddable":true,"href":"https:\/\/shop.nanasten.com\/index.php?rest_route=%2Fwp%2Fv2%2Fproduct_tag&post=435"}],"curies":[{"name":"wp","href":"https:\/\/api.w.org\/{rel}","templated":true}]}}