{"id":434,"date":"2020-03-24T12:35:48","date_gmt":"2020-03-24T09:35:48","guid":{"rendered":"https:\/\/shop.nanasten.com\/?post_type=product&#038;p=434"},"modified":"2025-04-13T15:03:06","modified_gmt":"2025-04-13T12:03:06","slug":"nauhapirta","status":"publish","type":"product","link":"https:\/\/shop.nanasten.com\/?product=nauhapirta","title":{"rendered":"Nauhapirta"},"content":{"rendered":"","protected":false},"excerpt":{"rendered":"<p>N\u00e4pp\u00e4r\u00e4 pieni pirta kapeiden v\u00f6iden tai koristenauhojen kutomiseen. Mukana opasvihko.<\/p>\n<p>Muinaistaitaja-sarjaan kuuluvat my\u00f6s ohjeet kiekkony\u00f6rin jahaarukkany\u00f6rin valmistamiseen (ostettavissa erikseen).<\/p>\n","protected":false},"featured_media":1737,"comment_status":"open","ping_status":"closed","template":"","meta":[],"product_brand":[],"product_cat":[20],"product_tag":[],"class_list":{"0":"post-434","1":"product","2":"type-product","3":"status-publish","4":"has-post-thumbnail","6":"product_cat-kasityovalineet","8":"first","9":"instock","10":"shipping-taxable","11":"purchasable","12":"product-type-simple"},"_links":{"self":[{"href":"https:\/\/shop.nanasten.com\/index.php?rest_route=\/wp\/v2\/product\/434","targetHints":{"allow":["GET"]}}],"collection":[{"href":"https:\/\/shop.nanasten.com\/index.php?rest_route=\/wp\/v2\/product"}],"about":[{"href":"https:\/\/shop.nanasten.com\/index.php?rest_route=\/wp\/v2\/types\/product"}],"replies":[{"embeddable":true,"href":"https:\/\/shop.nanasten.com\/index.php?rest_route=%2Fwp%2Fv2%2Fcomments&post=434"}],"wp:featuredmedia":[{"embeddable":true,"href":"https:\/\/shop.nanasten.com\/index.php?rest_route=\/wp\/v2\/media\/1737"}],"wp:attachment":[{"href":"https:\/\/shop.nanasten.com\/index.php?rest_route=%2Fwp%2Fv2%2Fmedia&parent=434"}],"wp:term":[{"taxonomy":"product_brand","embeddable":true,"href":"https:\/\/shop.nanasten.com\/index.php?rest_route=%2Fwp%2Fv2%2Fproduct_brand&post=434"},{"taxonomy":"product_cat","embeddable":true,"href":"https:\/\/shop.nanasten.com\/index.php?rest_route=%2Fwp%2Fv2%2Fproduct_cat&post=434"},{"taxonomy":"product_tag","embeddable":true,"href":"https:\/\/shop.nanasten.com\/index.php?rest_route=%2Fwp%2Fv2%2Fproduct_tag&post=434"}],"curies":[{"name":"wp","href":"https:\/\/api.w.org\/{rel}","templated":true}]}}