{"id":432,"date":"2020-03-24T12:33:32","date_gmt":"2020-03-24T09:33:32","guid":{"rendered":"https:\/\/shop.nanasten.com\/?post_type=product&#038;p=432"},"modified":"2024-07-18T10:24:44","modified_gmt":"2024-07-18T07:24:44","slug":"nyorikiekko","status":"publish","type":"product","link":"https:\/\/shop.nanasten.com\/?product=nyorikiekko","title":{"rendered":"Ny\u00f6rikiekko"},"content":{"rendered":"","protected":false},"excerpt":{"rendered":"<p>Ny\u00f6rikiekko on n\u00e4pp\u00e4r\u00e4 ty\u00f6k\u00e4lu, jolla voi punoa py\u00f6re\u00e4\u00e4 ny\u00f6ri\u00e4. Mukana opasvihko.<\/p>\n<p>Muinaistaitaja-sarjaan kuuluvat my\u00f6s ohjeet haarukkany\u00f6rin ja pirtanauhan valmistamiseen (ostettavissa erikseen).<\/p>\n","protected":false},"featured_media":1738,"comment_status":"open","ping_status":"closed","template":"","meta":[],"product_brand":[],"product_cat":[20],"product_tag":[],"class_list":{"0":"post-432","1":"product","2":"type-product","3":"status-publish","4":"has-post-thumbnail","6":"product_cat-kasityovalineet","8":"first","9":"instock","10":"shipping-taxable","11":"purchasable","12":"product-type-simple"},"_links":{"self":[{"href":"https:\/\/shop.nanasten.com\/index.php?rest_route=\/wp\/v2\/product\/432","targetHints":{"allow":["GET"]}}],"collection":[{"href":"https:\/\/shop.nanasten.com\/index.php?rest_route=\/wp\/v2\/product"}],"about":[{"href":"https:\/\/shop.nanasten.com\/index.php?rest_route=\/wp\/v2\/types\/product"}],"replies":[{"embeddable":true,"href":"https:\/\/shop.nanasten.com\/index.php?rest_route=%2Fwp%2Fv2%2Fcomments&post=432"}],"wp:featuredmedia":[{"embeddable":true,"href":"https:\/\/shop.nanasten.com\/index.php?rest_route=\/wp\/v2\/media\/1738"}],"wp:attachment":[{"href":"https:\/\/shop.nanasten.com\/index.php?rest_route=%2Fwp%2Fv2%2Fmedia&parent=432"}],"wp:term":[{"taxonomy":"product_brand","embeddable":true,"href":"https:\/\/shop.nanasten.com\/index.php?rest_route=%2Fwp%2Fv2%2Fproduct_brand&post=432"},{"taxonomy":"product_cat","embeddable":true,"href":"https:\/\/shop.nanasten.com\/index.php?rest_route=%2Fwp%2Fv2%2Fproduct_cat&post=432"},{"taxonomy":"product_tag","embeddable":true,"href":"https:\/\/shop.nanasten.com\/index.php?rest_route=%2Fwp%2Fv2%2Fproduct_tag&post=432"}],"curies":[{"name":"wp","href":"https:\/\/api.w.org\/{rel}","templated":true}]}}