{"id":1842,"date":"2026-02-27T11:13:11","date_gmt":"2026-02-27T08:13:11","guid":{"rendered":"https:\/\/shop.nanasten.com\/?post_type=product&#038;p=1842"},"modified":"2026-02-27T23:15:36","modified_gmt":"2026-02-27T20:15:36","slug":"abo-akademin-sormus","status":"publish","type":"product","link":"https:\/\/shop.nanasten.com\/?product=abo-akademin-sormus","title":{"rendered":"\u00c5bo Akademin sormus"},"content":{"rendered":"<p>Pikkuruinen sormus perustuu \u00c5bo Akademin tontilta tehtyyn l\u00f6yt\u00f6\u00f6n 1300-luvulta. Alkuper\u00e4inen sormus oli pronssia, ja siin\u00e4 oli sininen lasikivi.<\/p>\n<p>Kiven koko on 4&#215;4 mm ja rungon leveys 1 mm. Ilmoita tilatessasi viestiosassa sormuksen koko (16-20).<\/p>\n<p>Sormukset valmistetaan tilauksesta, joten voit valita lasikiven sijaan sormukseen my\u00f6s aidon jalokiven. Kysy valikoimaa ja hintaa!<\/p>\n","protected":false},"excerpt":{"rendered":"<p>Pikkuruinen sormus perustuu \u00c5bo Akademin tontilta tehtyyn l\u00f6yt\u00f6\u00f6n 1300-luvulta. Alkuper\u00e4inen sormus oli pronssia, ja siin\u00e4 oli sininen lasikivi. Kiven koko on 4&#215;4 mm ja rungon leveys 1 mm. Ilmoita tilatessasi viestiosassa sormuksen koko (16-20). Sormukset valmistetaan tilauksesta, joten voit valita lasikiven sijaan sormukseen my\u00f6s aidon jalokiven. Kysy valikoimaa ja hintaa!<\/p>\n","protected":false},"featured_media":1887,"comment_status":"closed","ping_status":"closed","template":"","meta":[],"product_brand":[],"product_cat":[145,147],"product_tag":[],"class_list":{"0":"post-1842","1":"product","2":"type-product","3":"status-publish","4":"has-post-thumbnail","6":"product_cat-arkeologiset-koruennallistukset-keskiaika","7":"product_cat-sormukset-arkeologiset-koruennallistukset-keskiaika","9":"first","10":"instock","11":"shipping-taxable","12":"purchasable","13":"product-type-variable"},"_links":{"self":[{"href":"https:\/\/shop.nanasten.com\/index.php?rest_route=\/wp\/v2\/product\/1842","targetHints":{"allow":["GET"]}}],"collection":[{"href":"https:\/\/shop.nanasten.com\/index.php?rest_route=\/wp\/v2\/product"}],"about":[{"href":"https:\/\/shop.nanasten.com\/index.php?rest_route=\/wp\/v2\/types\/product"}],"replies":[{"embeddable":true,"href":"https:\/\/shop.nanasten.com\/index.php?rest_route=%2Fwp%2Fv2%2Fcomments&post=1842"}],"wp:featuredmedia":[{"embeddable":true,"href":"https:\/\/shop.nanasten.com\/index.php?rest_route=\/wp\/v2\/media\/1887"}],"wp:attachment":[{"href":"https:\/\/shop.nanasten.com\/index.php?rest_route=%2Fwp%2Fv2%2Fmedia&parent=1842"}],"wp:term":[{"taxonomy":"product_brand","embeddable":true,"href":"https:\/\/shop.nanasten.com\/index.php?rest_route=%2Fwp%2Fv2%2Fproduct_brand&post=1842"},{"taxonomy":"product_cat","embeddable":true,"href":"https:\/\/shop.nanasten.com\/index.php?rest_route=%2Fwp%2Fv2%2Fproduct_cat&post=1842"},{"taxonomy":"product_tag","embeddable":true,"href":"https:\/\/shop.nanasten.com\/index.php?rest_route=%2Fwp%2Fv2%2Fproduct_tag&post=1842"}],"curies":[{"name":"wp","href":"https:\/\/api.w.org\/{rel}","templated":true}]}}